9. What is t(-23)?
-7
Suppose 6*c - 3018 + 2958 = 0. Let g(w) = 2*w**2 - 16*w - 11. What is g(c)?
29
Let c(z) = -z**3 - 3*z**2 + 2*z + 3. Suppose -2*y - 2*y + 9*y = 0. Let u be 3/((-11)/4 - (-2 - y)). What is c(u)?
11
Let i(r) be the second derivative of -r**5/20 + r**4/12 + 11*r**3/6 + 4*r**2 - 4214*r. Calculate i(0).
8
Suppose 5*z + 49 = 3*n, -337*n + 341*n + 5*z = 7. Let l(u) = -u**2 + 6*u - 18. Give l(n).
-34
Let w(v) be the third derivative of -v**6/60 + 3*v**5/5 + v**4/24 - 10*v**3/3 - 7457*v**2. Give w(18).
-2
Let o(q) = -q**3 + 16*q**2 - 57*q - 13. Let x be 3 + 12 - (16 - 140/20). Calculate o(x).
5
Let c be 460*9/108*6. Let j be -7*1 + c/115. Let y(i) = i**3 + 6*i**2 + 6*i - 5. Give y(j).
-10
Let j(b) = 9*b - 1. Let t(v) = -v. Let h be t(6). Let y(c) = 0*c - 3 + 0*c + 2*c + 2 + 8*c. Let d(m) = h*j(m) + 5*y(m). What is d(-2)?
9
Let r = 456 + -445. Suppose r*i = -0*i - 165. Let u(g) = -g - 12. Determine u(i).
3
Suppose -3087*t = -3085*t + 18. Let a(i) = 65*i + 594. Calculate a(t).
9
Let d be 18/(-72) + (-370)/(-8) - -4. Let v(h) = -d*h + 172 + 52*h - 90 - 90. Calculate v(8).
8
Suppose -25 = 23*h - 28*h. Let z(s) be the first derivative of -s**3/3 + 5*s**2/2 - 3*s + 227. What is z(h)?
-3
Let u = -16 + 25. Suppose -6*y = 4*w - 5*y - 90, 0 = 5*w + 3*y - 109. Let m(k) = -7 - k**3 + 8*k**2 - 13*k + 2 + w*k. Give m(u).
4
Let n(k) be the third derivative of -k**5/60 + 11*k**4/12 - 50*k**3/3 + 2*k**2 - 80. Give n(15).
5
Let h(p) be the third derivative of -19/6*p**3 + 1/120*p**6 - 32*p**2 + 0 + 7/60*p**5 - 5/12*p**4 + 0*p. Calculate h(-8).
-3
Let x be 3/(-27)*(-351)/9 + 4*-1. Let q(i) be the second derivative of x*i**4 - 1/20*i**5 - 3/2*i**2 - 1/2*i**3 + 0 + i. Give q(4).
-15
Suppose 0 = 11*t - 2 - 20. Suppose -4*g = 4*s + 20, t*g - 13 = 3*s + 2. Let v(j) = j + 5*j + g*j - 9*j + 2. Determine v(5).
-13
Let x(o) be the first derivative of 5/2*o**2 + 1/3*o**3 + 1 + 1/12*o**4 + 0*o. Let a(s) be the second derivative of x(s). Calculate a(-4).
-6
Let c = -198 + 208. Let l(m) = 4*m - 47. Let v be l(c). Let a(w) = -w - 2. Calculate a(v).
5
Suppose -4156*k + 65 = -4161*k. Let v(x) = -x - 13. Determine v(k).
0
Let q(x) = -24*x - 32*x - 25*x - 32*x - 3 + 104*x. What is q(0)?
-3
Let z(v) = 11*v**2 + 27*v + 27. Let y(j) = -7*j**2 - 18*j - 18. Let a(s) = 8*y(s) + 5*z(s). Let c = 34 - 33. Let x be c + (-129)/15 - 10/25. Give a(x).
-1
Let q(a) be the third derivative of 17*a**5/60 - a**4/12 + 2*a**3/3 + 2021*a**2. Calculate q(1).
19
Let f(o) = 7*o**3 - 10*o**2 - 11*o + 7. Suppose 4*x = 45*x + 246. Let a(z) = -z**3 + 2*z**2 + z - 2. Let u(h) = x*a(h) - f(h). Determine u(-3).
-1
Let m be 2/(-1 + 1/3). Let a be m/(6/(-2) - 600/(-202)). Let y = a + -103. Let r(k) = 3*k - 1. What is r(y)?
-7
Let i(g) = 31*g**3 - 97*g**2 + 93*g - 158. Let f(q) = -9*q**3 + 32*q**2 - 31*q + 53. Let m(k) = 7*f(k) + 2*i(k). What is m(29)?
-3
Let t(c) = -2*c + 4. Suppose -4*u - 4 = w, 0*u + 5 = 4*w - 5*u. Calculate t(w).
4
Let v(t) = 54*t**2 + 11*t + 7. Let n(m) = 26*m**2 + 5*m + 3. Let o(y) = -y**2 + 20. Let a be o(4). Let z(j) = a*v(j) - 9*n(j). What is z(1)?
-18
Let b(f) be the first derivative of -f**2/2 + 30. Suppose 12*v = 10*v + 10. Suppose -4*i = -v*i - 6. Determine b(i).
6
Let c(d) be the first derivative of 3*d**4/4 - 2*d**3 + 3*d**2/2 - 6*d + 8025. Determine c(2).
0
Let h = 835 + -839. Suppose 1 = -2*a - x - 2, -4*a - 13 = -5*x. Let m(w) = -w**2 - 9*w - 5. Let n(z) = z. Let l(c) = a*n(c) - m(c). Determine l(h).
-7
Let l(q) = -q**3 - 12*q**2 + 4*q + 32. Let o = 2483 + -2495. Determine l(o).
-16
Let q = -12888 + 12885. Let n(l) = 2*l**2 + 7*l + 15. What is n(q)?
12
Let k(o) = 15*o - 84. Let t = 1963 - 1957. Calculate k(t).
6
Let q(u) = -2*u**3 + 20 - 580835*u - 47*u**2 + 580864*u + 14. Determine q(-24).
-86
Let d(a) = 57 + 53 + 29550*a - 44 - 29553*a. What is d(21)?
3
Let a(t) be the first derivative of -t**4/4 + 2*t**3 + 3*t**2/2 - 8*t - 4. Let d be 0*(-3)/12*2. Let k(q) = -q**2 + q + 6. Let m be k(d). Determine a(m).
10
Let t(c) = 310*c**2 + 6*c - 309*c**2 + 8*c + 23 + 2. Calculate t(-12).
1
Let a(t) be the third derivative of -1/6*t**3 - 1/24*t**4 - 63*t**2 + 0 + 0*t. Give a(2).
-3
Let j = 181 - 141. Let i be -6 - (16/j - 13/(-5)). Let o(g) = g**3 + 8*g**2 - 6*g + 11. What is o(i)?
-16
Let d(c) = 7*c**2 - 4*c - 4. Suppose 0 = -5*x + 3*b - 2*b, 0 = 2*x - 3*b - 13. Let s be d(x). Let u(i) = 9*i - 4*i + s - 6*i. Determine u(6).
1
Let y(j) = -33 + 57 - 25*j + 70 - 11*j - 1. What is y(3)?
-15
Let z(c) = 5*c**2 + 51*c - 13. Let m(j) = 2*j**2 + 18*j - 5. Let p(a) = -11*m(a) + 4*z(a). Determine p(3).
3
Let l(p) = -145 - 126137*p**2 + 25*p + 63070*p**2 + 63066*p**2. What is l(11)?
9
Suppose a = 2*w, -2*w - a + 6*a = 8. Let f(u) = -2. Let b(c) = 4*c - 36. Let p(j) = w*b(j) - 12*f(j). Determine p(4).
4
Let x(t) = t**3 - 2*t**2 + 2. Suppose -33*n = -30*n - 18. Let j(u) = -7*u**3 + 19*u**2 + 7*u - 18. Let r(q) = n*x(q) + j(q). Calculate r(7).
43
Let w(n) be the first derivative of -n**2/2 - 8*n - 65267. Let j(g) = -g**3 + 5*g**2 + 5*g + 1. Let m be j(6). Determine w(m).
-3
Let v(j) = -4*j**2 - 27*j - 11. Let s(l) = -l**2 - 10*l. Let k(p) = 5*s(p) - v(p). Give k(-21).
53
Let k(f) = -8018 + 16012 - 8003 - 16*f. Give k(-4).
55
Let s(y) = 15*y - 16 - 888*y**2 + 429*y**2 + 444*y**2 - 2*y**3 + 3*y**3. Determine s(14).
-2
Let f(p) = p**2 + 11*p + 10. Let v(a) = -a**3 + 16*a**2 - 28*a - 10. Let t(k) = 2*k**2 + 13*k - 101. Let g be t(5). Let s be v(g). Determine f(s).
0
Let n(s) = 5 - s**2 + 25 - 28 + 2*s. Let k = 82 - 83. Let b be k/1*(-10)/(-3 - 2). Determine n(b).
-6
Suppose -114*d = 31*d. Let n(y) be the third derivative of 1/8*y**4 + d + 0*y + 34*y**2 - 1/60*y**5 - 1/6*y**3. Give n(5).
-11
Let b(j) be the second derivative of -2*j**3 - j**2/2 - 2*j. Let v be (-9)/(-6)*(119/(-21) + 5). Give b(v).
11
Suppose 3*l + 19 = 2*b, 5*l - 3 = -5*b - 18. Let x(f) = -9*f - 8*f + 5 + f**b + 10*f + 0*f**2. What is x(3)?
-7
Let n(p) = p**3 + 6*p**2 - 9*p - 3. Suppose -338 = 3*y + j - 106, 5*j - 149 = 2*y. Let g be (1 - 6/3)/((-11)/y). What is n(g)?
11
Let x(d) = 9*d - 12. Suppose -2*p - 4 = 4*w - 18, -3*p + w + 14 = 0. Determine x(p).
33
Let q(c) = -4 - 9 + 20148*c**3 - 20149*c**3 + 14*c**2 - 7. Calculate q(14).
-20
Let f = 3 - 5. Let o(r) be the second derivative of r**5/10 + r**4/6 - r**3/3 - 156802*r. Give o(f).
-4
Let q(p) = 2*p + 13. Let j be q(-10). Let n(u) = -u**2 - 7*u + 3. Determine n(j).
3
Let i = 175 - 123. Let f = i + -49. Let z(j) = f + 80*j**2 - 4*j - 7 - 81*j**2. Calculate z(-4).
-4
Let x(l) = -l**2 + 9*l - 6. Let m be (-25 + 50)*1/5. Suppose -2*d + 26 = d - f, -2*f = -m*d + 45. Calculate x(d).
8
Let t(v) = -4*v + 2. Let o(d) = d**2 - 19*d + 297. Let c(r) = -o(r) - 4*t(r). Calculate c(20).
-5
Let i(k) be the first derivative of k**4/2 + k**3 + 10*k + 37. Let p(d) = 5*d**3 + 6*d**2 + d + 22. Let c(l) = 7*i(l) - 3*p(l). What is c(3)?
-5
Let b = 240 - 244. Let t(n) = -n**3 - 5*n**2 - 2*n - 5. Let c(q) = -q. Let m(z) = b*c(z) + t(z). Let a(u) = u**2 + 10*u - 16. Let w be a(-11). Calculate m(w).
-15
Let a(m) = 2*m**3 - 10*m**2 + 6*m - 11. Let z(y) = 7*y**3 + 4*y - 3*y**2 + 2*y**2 + 5*y - 4*y**3 - 16 - 14*y**2. Let n(i) = -7*a(i) + 5*z(i). Calculate n(5).
12
Let g(s) = s**3 - 33*s**2 + 60*s + 60. Let y(f) = -2*f + 129. Let x be y(49). What is g(x)?
-2
Suppose -8*a + 13*a + 145 = 0. Let i = -25 - a. Let w(y) = -3*y**3 + i*y**3 - 61*y + 59*y. Give w(-2).
-4
Let v(f) = -13*f + 212. Let m = -16853 - -16869. Give v(m).
4
Suppose -5*d + 49 = -j, -3*j = -21*d + 22*d + 19. Let q(t) = 4*t - 15. Determine q(j).
-51
Suppose b + 2*k - 33 = -29, -2*b + 3*k = -15. Let x(n) be the first derivative of -n**2 + 4*n - 94. Give x(b).
-8
Let d(x) = -22*x - 5. Let u = -5442 + 5444. What is d(u)?
-49
Let o = -8105 + 8105. Let f(q) be the third derivative of -1/12*q**4 + 0 + 10*q**2 + 0*q + o*q**3. Determine f(1).
-2
Let m(g) be the third derivative of -g**8/20160 - g**7/630 + g**6/80 - g**5/10 + 7*g**3/2 + 100*g**2. Let l(j) be the third derivative of m(j). Determine l(-7).
16
Let c be (-74)/(-555) - (-223)/15. Let b be (-1)/(-2 - 6/(-4)). Suppose -c = b*f - 11. Let k(d) = d. What is k(f)?
-2
Let q(l) be the first derivative of -l**3/3 - 4*l**2 - 3*l - 3244. Calculate q(-7).
4
Let a(j) = 97*j - 7 + 83*j - 261*j + 1 +